 is divided by y?
54
Let q(b) = 2*b**3 + 9*b**2 - 3*b + 54. Let a(h) = 2*h**3 + 8*h**2 - 2*h + 53. Let p(v) = -3*a(v) + 2*q(v). Calculate the remainder when p(-6) is divided by 12.
9
Suppose -5*y + 5*m + 125 = 0, 6*y - 2*y + m = 85. Let l = 64 + -58. Suppose 0 = l*s - 300 - 210. Calculate the remainder when s is divided by y.
19
Suppose 0 = -4*g + 32 + 42 - 22. Calculate the remainder when 17756 is divided by g.
11
Suppose -10*c + 11*c - 116 = 0. Let u = -106 + c. What is the remainder when u is divided by 1 - (-3 - (3 + -1))?
4
Let h(k) be the second derivative of 13*k**3/6 - 19*k**2/2 + k + 14. Suppose -6 = -4*z + 18. Calculate the remainder when h(z) is divided by 20.
19
Suppose 37 = 3*z - 2*b, -28 = 2*z + 4*b - 26. Calculate the remainder when 135 is divided by 94/(9 + -16 + z).
41
What is the remainder when 1144 is divided by 107 + 1*9 + (-193 - -173)?
88
Let c(i) be the first derivative of -i**4/4 - 28*i**3/3 + 27*i**2/2 - 24*i + 60. Calculate the remainder when (2 - -99)/(-1 - -2) is divided by c(-29).
33
Let c(t) = -t**2 - 178*t - 7775. What is the remainder when 2/(-3) + (-797)/(-3) is divided by c(-80)?
5
Suppose 4*k - 70 = 4*v + v, -k - 25 = 3*v. What is the remainder when v/6 - 4326/(-9) is divided by 23?
19
Suppose -39 = -14*q + 11*q. Suppose q*m = -5*o + 15*m + 46, -o + 5 = m. Let y(f) = 2*f - 8. Calculate the remainder when o is divided by y(7).
2
Let q = 217 - 96. Suppose -12 = 3*f + 3. Let s(k) = -5*k + 6. What is the remainder when q is divided by s(f)?
28
Suppose 0 = -u - 14*p + 104, 0 = 2*u - 2*p - 0 - 28. Calculate the remainder when u is divided by 15/2 + (-1)/2.
6
Suppose 262*i = 260*i. Suppose 5*r - u - 81 - 11 = 0, r - u - 20 = 0. What is the remainder when r is divided by (i/(-3) - 5)*-1?
3
Let l(u) = -u**3 + 5*u**2 + 4*u - 5. Suppose 21576*f - 290 = 21574*f. Calculate the remainder when f is divided by l(5).
10
Suppose -3137 = -22*u + 3155. Calculate the remainder when u is divided by 44 - 1 - (1 + 1).
40
Let s = -877 - -1027. What is the remainder when 610 is divided by s?
10
Let a(j) = -140*j + 3882. What is the remainder when a(22) is divided by 89?
1
Let u = -13 - -15. Suppose 0 = a - u, 2*a = w - 0*w - 36. Suppose 0 = y + s - 19, -4*s + 3*s = -4*y + 86. What is the remainder when w is divided by y?
19
Let r = 165 + -134. Suppose -r*q + 3667 = -12*q. What is the remainder when q is divided by 22?
17
Suppose 7*m - 4*m = 45. Suppose f - 5*u - 105 = 132, 3*f + 5*u = 671. Let j = f - 170. Calculate the remainder when j is divided by m.
12
Suppose -3*p + 2*u = -29046, 39*u - 42*u = 4*p - 38711. Calculate the remainder when p is divided by 9.
5
Let j(p) = -427*p + 705. Calculate the remainder when 387 is divided by j(1).
109
Let v(b) = 2681*b + 32254. Suppose -h = -3*a - 13, 0*a - 3*a - 51 = -3*h. What is the remainder when v(-12) is divided by h?
6
Suppose 749*c = 747*c - 810. Let a = c - -421. What is the remainder when 68 is divided by a?
4
Let c(r) = 5165*r - r**2 - 5187*r - 1 - 37 - 4. Let z(j) = j**3 - j**2 + 2*j + 26. What is the remainder when c(-17) is divided by z(0)?
17
Suppose 3547 = 25*q + 1197. Calculate the remainder when 745 is divided by q.
87
Let c(v) = v + 5. Let s be (-15)/(-35) + (-11)/(-7). Calculate the remainder when 54*((-24)/(-9) - s) is divided by c(8).
10
Let g(s) = -183*s - 130. Suppose -3*j + 33 = 3. Calculate the remainder when g(-3) is divided by j.
9
Let h = 30 - 29. Suppose -5*j - 2*b + 23 = 0, -5*j + 0 = -4*b + h. Suppose -a - 60 = -7*a. Calculate the remainder when a is divided by j.
1
Let t = 5182 + -5176. Calculate the remainder when 95 is divided by t.
5
Let z be 7 + -1 + (-14)/(-14). Suppose 0 = -3*d, -3*d - 28 = 3*p - z*p. Suppose -p = -q - 0. Calculate the remainder when q is divided by 3.
1
Let z(q) = -q**3 - 14*q**2 + 51*q + 3. Let w be z(-17). Calculate the remainder when 105 is divided by (1/1)/(w/54 + 0).
15
What is the remainder when 552*(15 + (-943)/69) is divided by 714?
22
Let q(a) = 19*a - 124. Let g be q(10). Let s be (22 + 4)/((-1)/(-2)). Let d = g - s. What is the remainder when 68 is divided by d?
12
Suppose -30*w + 51*w + 62*w - 22659 = 0. Let n = -14 + 70. What is the remainder when w is divided by n + (3 - (1 - -3))?
53
Suppose -4858 = -3*w + 870*r - 871*r, -2*r + 4862 = 3*w. What is the remainder when w is divided by 108?
106
Let s(t) = t**3 + 6*t**2 - 4. Suppose -7*b - b = 32. Let o be s(b). Let d = 42 - o. What is the remainder when d is divided by 9?
5
Let s(p) = p - 8. Suppose -2*g = 3*g + 5*l - 85, 3*g = -l + 41. Let o be s(g). Suppose 155 + 13 = o*f. What is the remainder when f is divided by 16?
10
Suppose -y + 4*g = 21, -5*y + 3*y = -2*g + 48. Let i be 100/y*1/2*-1. Suppose -2*q - 2*q = 2*n + i, 15 = -5*q. Calculate the remainder when n is divided by 1.
0
Let f = 4544 - 4198. What is the remainder when f is divided by 51?
40
Let n(z) = -37*z + 966. Let f(c) be the first derivative of c**4/4 - 4*c**3/3 - 9*c**2/2 - 3*c + 3. Calculate the remainder when f(7) is divided by n(25).
40
Suppose 11*x - 6*x - 325 = 2*u, -3*u = -x + 78. Calculate the remainder when 683 is divided by x.
53
Let p(n) = -66*n + 2112. Let k = 71 - 38. Calculate the remainder when p(31) is divided by k.
0
Let t = 178 + 223. Suppose -4*o + 3*z = -t, 536 - 55 = 5*o + 3*z. Calculate the remainder when 195 is divided by o.
97
Let s = -10660 - -11351. What is the remainder when s is divided by 17?
11
Let k(l) = 4*l + 9 + 4 - 33*l + 9*l - 15*l. Let s = -2 + -1. What is the remainder when k(s) is divided by 17?
16
Suppose 0 = 5*x + 14 - 54. Let q = 2 + x. Let z(r) = -r**2 - 29*r + 467. Calculate the remainder when z(11) is divided by q.
7
Let v be (-54)/15 - (-4)/(-10). Suppose 164 = 4*j - 2*x, 4*x = 4*j + 73 - 229. Calculate the remainder when j is divided by v/(-12) + (-88)/(-6).
13
Let d = 32 + 8. Suppose 0 = -3*g + d + 521. What is the remainder when g is divided by 61?
4
Suppose -77*p + 26162 = 598. Calculate the remainder when p is divided by 49.
38
Let p = -10426 - -10455. Calculate the remainder when 448 is divided by p.
13
Let k be 12*(5 + 48/(-18)). Let h(w) = -w**3 + 27*w**2 + 33*w - 101. Suppose 40 = -0*r + 2*r. Calculate the remainder when h(k) is divided by r.
19
Let g be -9 + 2 + (32 - -10). What is the remainder when 44 is divided by 1 + (-40)/g - 950/(-35)?
17
Suppose 0 = -7*d - 0*d + 21. Suppose -74 = -d*j - 13*u + 8*u, 0 = 4*j + u - 93. Calculate the remainder when 61 is divided by j.
15
Suppose 15*j - 1013 = 14*j + 4*i, j - 5*i = 1011. Calculate the remainder when j is divided by 15.
1
Let f(v) = 5*v**3 - 2*v**2 - 49*v + 176. What is the remainder when f(4) is divided by 27?
25
Let v be 3/((-60)/(-1555)) + 3/12. Suppose -3*l = 2*g - v, -5*l = 4*g + 38 - 168. What is the remainder when 51 is divided by l?
25
Suppose 2*y - 68 = -3*s, -14*y = 3*s - 9*y - 53. What is the remainder when 867 is divided by s?
9
Let y(r) = r + 16. Let w(m) = -m - 17. Let l(t) = -4*w(t) - 6*y(t). Let i be l(-5). Calculate the remainder when (4/(-1))/(i/135) is divided by 17.
13
Let w(g) = g**2 + 19*g - 921. What is the remainder when w(34) is divided by 14?
13
Let u(d) = -d**3 + 10*d**2 - 13*d + 20. Let f be u(8). Let c = 59 - f. Calculate the remainder when 253 is divided by c.
13
Let l(h) = h - 23. Let f be l(17). Let m be (4/f)/((-4)/30). Suppose -36 = -m*i - i. What is the remainder when i is divided by 5?
1
Suppose 6773 = 5*x - s + 1458, 2109 = 2*x + 3*s. Let k = 33 + -30. Suppose -12*y = -k*y - x. What is the remainder when y is divided by 40?
38
Let o(g) = g**3 + 28*g**2 + 94*g - 15. Calculate the remainder when 187 is divided by o(-24).
22
Suppose -50 = -y - 3*u, -3*y + 2 = -u - 148. What is the remainder when 5047 is divided by y?
47
Suppose 0 = 25*r - 8827 + 26027. What is the remainder when 137 is divided by r/(-15) - 2/(-15)?
45
Suppose 0 = 3*t - 18 - 24. Let f(q) = -q**3 - 174*q**2 + 673*q - 6914. What is the remainder when f(-178) is divided by t?
0
Let j(v) = -52*v - 9. Let r(s) = 14*s + 3. Let t(q) = -2*j(q) - 7*r(q). Suppose -3*n + 8 + 4 = 0. What is the remainder when 40 is divided by t(n)?
19
Let o = 963 + -352. Let t = o - 593. What is the remainder when 57 is divided by t?
3
What is the remainder when 3477 is divided by (6 + (0 - (-198)/(-27)))*870/(-8)?
142
Calculate the